reatest common divisor of 67 and k.
67
Suppose 0*t = 3*t - 24. Let f(q) = -q**2 + 5*q + 7. Let u be f(7). Let d = u - -9. What is the greatest common factor of d and t?
2
Suppose -z - 93 = -302. Let u be 20 + 0 - (0 - -1). What is the greatest common divisor of z and u?
19
Let b = 3253 + -2512. Calculate the greatest common divisor of 456 and b.
57
Let k = 201 - 136. Suppose 2*r + c = -3*r + 63, -2*c + 9 = r. What is the greatest common divisor of k and r?
13
Suppose -u - 14 = 6*u. Let d be ((-266)/56)/(u/8 - 0). What is the highest common divisor of 133 and d?
19
Let d(o) = -o**2 + o + 7. Let n be d(-6). Let g be -26*(-5 - n/10). What is the greatest common factor of g and 13?
13
Suppose 4*z - 43 = 197. Let u = z + -49. Suppose 3*f - 188 = -23. What is the highest common divisor of u and f?
11
Let x = 19 - 36. Let a = x - -19. Suppose -3*w = a*h - 40, -3*w + h + h + 32 = 0. What is the greatest common divisor of 6 and w?
6
Suppose -5*h + 395 = w + 130, -5*w = -3*h + 187. Calculate the greatest common divisor of h and 126.
18
Suppose -148 = 14*m - 988. Let z be 0/(-1) + 28/2. Suppose 44 = 2*n + z. What is the highest common divisor of m and n?
15
Let i be (((-42)/(-9))/(-7))/((-4)/3066). What is the greatest common divisor of 7 and i?
7
Let j = 35 + -33. Suppose 4*y = -3*r + 58, -r + 59 = j*r + 5*y. Let a = 25 - 7. Calculate the greatest common factor of a and r.
18
Suppose -29 - 37 = -3*p. Let z(c) = c**2 + 8*c - 2. Let m(l) = l. Let w(o) = 4*m(o) - z(o). Let q be w(-4). Calculate the highest common factor of p and q.
2
Let q(j) = j**3 + 6*j**2 - 8*j + 12. Let x be q(-6). What is the highest common divisor of 1140 and x?
60
Suppose 4*v = 2*g - 130, -8*g - 3*v = -3*g - 390. What is the highest common divisor of g and 30?
15
Suppose 0 = 3*r + 16 - 55. What is the greatest common divisor of 377 and r?
13
Let b(i) = -i**3 + 11*i**2 - 23*i - 8. Let p be b(7). Let k(q) = q**3 + 4*q**2 - 8*q - 6. Let z be k(-5). What is the greatest common factor of p and z?
9
Suppose 7*x - 19 - 2 = 0. Let i = 11 - 8. Suppose 5*g - 4*p - 188 = 0, -i*g = -0*p + x*p - 102. What is the greatest common factor of 12 and g?
12
Suppose k - 13 = 3*a - 52, 47 = 4*a - 3*k. Let m(n) = -n**3 - n**2 - 6*n - 2. Let w be m(-4). What is the highest common factor of w and a?
14
Let j = 41 + -39. Suppose -3*i - i = 0, -16 = -j*a - 4*i. Calculate the highest common factor of a and 8.
8
Let a be 370 - -1 - 66/11. What is the highest common factor of 146 and a?
73
Suppose 7 = -3*x - 5, 0 = -2*o + 2*x + 188. Let w be ((-450)/(-2))/(-7 - -8). What is the greatest common divisor of w and o?
45
Suppose 59 = o - z + 5, 0 = 4*z + 16. Calculate the greatest common divisor of 180 and o.
10
Let y(w) = 5*w - 19. Let z be y(7). What is the greatest common divisor of 72 and z?
8
Let t be (-4 - -1)*(-13)/((-117)/(-132)). Suppose -p + 4*p = i - 39, -2*i + 2*p = -70. What is the highest common factor of t and i?
11
Let h(x) = 12 - 3 + 2 - 6*x. Let d be h(-9). Let k(a) = a + 21. Let v be k(-8). Calculate the highest common factor of d and v.
13
Suppose -327 - 209 = -2*t. Calculate the greatest common divisor of t and 201.
67
Let p(w) = -2*w**2 - 54*w - 67. Let m be p(-24). Calculate the greatest common divisor of 44 and m.
11
Suppose 5*m + 2*v - 33 = v, 0 = -4*m + 4*v + 12. Let b(x) = x**3 + 17*x**2 - x - 13. Let w be b(-17). Calculate the greatest common factor of w and m.
2
Suppose -2*i + 26 = -18. Let a(v) = -v + 41. Let p be a(24). Suppose i = 5*k - z, 3*k - 4*z = 4*k - p. Calculate the highest common factor of k and 55.
5
Let t = 83 + -47. Suppose -10*j + t = -7*j. Suppose 2*m - 2 = 22. Calculate the highest common divisor of j and m.
12
Suppose 3*v = 10 + 2. Suppose 2*w + v*t - 14 = 0, -4*w + 3 + 41 = 4*t. Calculate the greatest common divisor of 10 and w.
5
Suppose 3*l - 1015 = 5*k, 3*l - k = 5*l - 668. Calculate the highest common factor of 201 and l.
67
Let a(q) = -2*q**3 - q**2 + 2*q + 3. Let b = 4 + 2. Let p = b - 8. Let m be a(p). What is the greatest common divisor of m and 88?
11
Suppose -2*o - 43 = 4*d - 103, 3*o - 90 = -5*d. What is the greatest common factor of o and 21?
3
Let a be -2 + 5 + -2 + 57. Calculate the greatest common factor of a and 174.
58
Let n(s) = -6*s + 51. Let g be n(6). Calculate the highest common factor of g and 105.
15
Let c be (-33)/6*(-90)/15. Calculate the highest common divisor of 363 and c.
33
Suppose -321 = -2*n + 3*l, -2*l = -0*l + 10. Suppose 3*d - 15 = n. Let p be -1*(3 - (14 + -3)). Calculate the highest common factor of p and d.
8
Suppose f - i = 2*i - 27, -3*i = -9. Let c = 23 + f. Calculate the greatest common factor of c and 45.
5
Suppose 5*d - 25 = -100. Let m be (-159)/d - (-2)/5. Calculate the highest common divisor of 77 and m.
11
Let l(k) = k**2 - 7*k + 78. Let x be l(0). Calculate the highest common factor of x and 182.
26
Let z = -20 + 27. Let f(y) = z - 11 - 13 + 3*y + y. Let s be f(14). What is the highest common divisor of s and 13?
13
Suppose 2*k = -a + 38, 0 = 4*k - k + 3. Calculate the highest common factor of a and 360.
40
Let n be (-2349)/9*((1 - 3) + -5). Calculate the highest common divisor of n and 174.
87
Suppose -165*o - 42 = -166*o. What is the greatest common divisor of o and 560?
14
Suppose y - 6*y = -3*v + 138, v = -y + 46. Let q = 64 - v. Suppose 2*l - l - 6 = 0. What is the highest common divisor of l and q?
6
Let o be (-4)/(-7) + (-4680)/(-140). What is the greatest common divisor of o and 2?
2
Let r = -1855 - -1915. What is the greatest common factor of 330 and r?
30
Suppose -5*r - 288 + 1048 = 0. What is the highest common factor of r and 19?
19
Suppose 69*q = -51*q + 47040. Calculate the highest common divisor of 308 and q.
28
Let y(g) = -67*g**3 + 3*g + 2. Let w be y(-1). Calculate the greatest common factor of 48 and w.
6
Let f = 165 + -117. Let b = 7 + -4. Let l = 19 - b. Calculate the greatest common factor of l and f.
16
Let b be (-464)/(-1 + 9 - 10). Suppose 3*t = 56 + 31. What is the greatest common factor of b and t?
29
Let t(i) = -i + 8. Let f be t(8). Suppose 3*o - 2*a - 56 = 0, f = -0*o + 2*o - 3*a - 34. What is the highest common factor of 10 and o?
10
Let w(h) = -h**2 - 12*h + 55. Let x be w(-15). Suppose 2*m - 35 = 45. Calculate the highest common factor of m and x.
10
Let b = 262 + 39. Calculate the greatest common factor of b and 129.
43
Suppose 330 - 15 = 7*g. What is the greatest common divisor of 180 and g?
45
Let t be (16/(-10))/((-3)/45). Suppose -6*h + t = -3*h. What is the greatest common divisor of 72 and h?
8
Suppose 2*i = -5 + 1, 4*t + 3*i - 2034 = 0. What is the highest common divisor of t and 40?
10
Let s be 22/8 - (-1)/4. Let h be 1 + -2 + (-3 - -4). Suppose -3*x + h*x + 81 = 0. What is the highest common divisor of x and s?
3
Let r = -72 + 303. Let y be 3/9 + 425/(-15). Let o be 8/y + 298/14. Calculate the highest common divisor of r and o.
21
Let u be (-199)/(-3) - (-68)/(-204). Calculate the highest common factor of u and 440.
22
Let p be (-4)/(-8)*(-20)/(-2). Suppose 0 = p*c - s - 212, -2*c + s = -19 - 64. Suppose -8 = -3*o + c. What is the highest common divisor of o and 136?
17
Let j = 440 - 216. Calculate the highest common divisor of 160 and j.
32
Let w(o) = -15*o + 20. Let q be w(-8). What is the greatest common factor of 35 and q?
35
Suppose -68 = -v + 2*q, -35*v + 5*q = -30*v - 320. What is the greatest common divisor of v and 1060?
20
Suppose -5*r - 3*b + 717 = -3*r, -r + 2*b = -362. What is the greatest common factor of 40 and r?
40
Let l = -1068 + 1653. What is the greatest common divisor of l and 45?
45
Let k(u) = 7*u**2 + 2*u + 1. Let n be k(2). Let y be (32/10)/(6/15). Suppose 4 = -7*w + y*w, 40 = 4*j - w. What is the greatest common divisor of j and n?
11
Let r(x) = 2*x**2 - 2. Let p be r(12). What is the greatest common divisor of p and 44?
22
Let x be (-56)/(-4) - (-4 - 0). Let i be 2 - (-3 - 31) - (-5 + 5). Calculate the greatest common factor of x and i.
18
Let p be (-8)/4*2/(8/10). Let j be ((-3)/5)/(-3) + (-299)/p. Calculate the highest common divisor of j and 12.
12
Let u = 1167 - 942. What is the greatest common divisor of 9 and u?
9
Let y(c) = 2*c + 8. Let x be y(-7). Let l(m) = -6*m - 3. Let q be l(x). Let a = q - -11. What is the highest common factor of 11 a